{"version":"1.0","provider_name":"galerie anne barrault","provider_url":"https:\/\/galerieannebarrault.com\/en\/","author_name":"C\u00e9dric","author_url":"https:\/\/galerieannebarrault.com\/en\/author\/cedric\/","title":"David Renaud - Point Nemo &#8211; galerie anne barrault","type":"rich","width":600,"height":338,"html":"<blockquote class=\"wp-embedded-content\" data-secret=\"YOb4xvG5kZ\"><a href=\"https:\/\/galerieannebarrault.com\/en\/exposition\/david-renaud-point-nemo\/\">David Renaud &#8211; Point Nemo<\/a><\/blockquote><iframe sandbox=\"allow-scripts\" security=\"restricted\" src=\"https:\/\/galerieannebarrault.com\/en\/exposition\/david-renaud-point-nemo\/embed\/#?secret=YOb4xvG5kZ\" width=\"600\" height=\"338\" title=\"&#8220;David Renaud &#8211; Point Nemo&#8221; &#8212; galerie anne barrault\" data-secret=\"YOb4xvG5kZ\" frameborder=\"0\" marginwidth=\"0\" marginheight=\"0\" scrolling=\"no\" class=\"wp-embedded-content\"><\/iframe><script type=\"text\/javascript\">\n\/* <![CDATA[ *\/\n\/*! This file is auto-generated *\/\n!function(d,l){\"use strict\";l.querySelector&&d.addEventListener&&\"undefined\"!=typeof URL&&(d.wp=d.wp||{},d.wp.receiveEmbedMessage||(d.wp.receiveEmbedMessage=function(e){var t=e.data;if((t||t.secret||t.message||t.value)&&!\/[^a-zA-Z0-9]\/.test(t.secret)){for(var s,r,n,a=l.querySelectorAll('iframe[data-secret=\"'+t.secret+'\"]'),o=l.querySelectorAll('blockquote[data-secret=\"'+t.secret+'\"]'),c=new RegExp(\"^https?:$\",\"i\"),i=0;i<o.length;i++)o[i].style.display=\"none\";for(i=0;i<a.length;i++)s=a[i],e.source===s.contentWindow&&(s.removeAttribute(\"style\"),\"height\"===t.message?(1e3<(r=parseInt(t.value,10))?r=1e3:~~r<200&&(r=200),s.height=r):\"link\"===t.message&&(r=new URL(s.getAttribute(\"src\")),n=new URL(t.value),c.test(n.protocol))&&n.host===r.host&&l.activeElement===s&&(d.top.location.href=t.value))}},d.addEventListener(\"message\",d.wp.receiveEmbedMessage,!1),l.addEventListener(\"DOMContentLoaded\",function(){for(var e,t,s=l.querySelectorAll(\"iframe.wp-embedded-content\"),r=0;r<s.length;r++)(t=(e=s[r]).getAttribute(\"data-secret\"))||(t=Math.random().toString(36).substring(2,12),e.src+=\"#?secret=\"+t,e.setAttribute(\"data-secret\",t)),e.contentWindow.postMessage({message:\"ready\",secret:t},\"*\")},!1)))}(window,document);\n\/\/# sourceURL=https:\/\/galerieannebarrault.com\/wp-includes\/js\/wp-embed.min.js\n\/* ]]> *\/\n<\/script>\n","thumbnail_url":"https:\/\/galerieannebarrault.com\/wp-content\/uploads\/2018\/11\/david-renaud-rose-des-vents.jpg","thumbnail_width":800,"thumbnail_height":929,"description":"Cartographie et topographie sont depuis plusieurs ann\u00e9es, au centre des pr\u00e9occupations artistiques de David Renaud. C\u2019est par une repr\u00e9sentation \u00e0 la fois mat\u00e9rielle et abstraite d\u2019un lieu qu\u2019il questionne notre perception de la g\u00e9ographie, notre mani\u00e8re de lire un paysage. Point de d\u00e9part de cette nouvelle exposition personnelle de l\u2019artiste \u00e0 la galerie anne barrault, c\u2019est m\u00eame plus pr\u00e9cis\u00e9ment dans&hellip;Continue reading"}

Cédric

Cartographie et topographie sont depuis plusieurs années, au centre des préoccupations artistiques de David Renaud. C’est par une représentation à la fois matérielle et abstraite d’un lieu qu’il questionne notre perception de la géographie, notre manière de lire un paysage. Point de départ de cette nouvelle exposition personnelle de l’artiste à la galerie anne barrault, c’est même plus précisément dans&hellip;Continue reading
