{"version":"1.0","provider_name":"galerie anne barrault","provider_url":"https:\/\/galerieannebarrault.com\/en\/","author_name":"C\u00e9dric","author_url":"https:\/\/galerieannebarrault.com\/en\/author\/cedric\/","title":"Jochen Gerner - Second Plan &#8211; galerie anne barrault","type":"rich","width":600,"height":338,"html":"<blockquote class=\"wp-embedded-content\" data-secret=\"q4pWqxflLv\"><a href=\"https:\/\/galerieannebarrault.com\/en\/exposition\/jochen-gerner-second-plan\/\">Jochen Gerner &#8211; Second Plan<\/a><\/blockquote><iframe sandbox=\"allow-scripts\" security=\"restricted\" src=\"https:\/\/galerieannebarrault.com\/en\/exposition\/jochen-gerner-second-plan\/embed\/#?secret=q4pWqxflLv\" width=\"600\" height=\"338\" title=\"&#8220;Jochen Gerner &#8211; Second Plan&#8221; &#8212; galerie anne barrault\" data-secret=\"q4pWqxflLv\" frameborder=\"0\" marginwidth=\"0\" marginheight=\"0\" scrolling=\"no\" class=\"wp-embedded-content\"><\/iframe><script type=\"text\/javascript\">\n\/* <![CDATA[ *\/\n\/*! This file is auto-generated *\/\n!function(d,l){\"use strict\";l.querySelector&&d.addEventListener&&\"undefined\"!=typeof URL&&(d.wp=d.wp||{},d.wp.receiveEmbedMessage||(d.wp.receiveEmbedMessage=function(e){var t=e.data;if((t||t.secret||t.message||t.value)&&!\/[^a-zA-Z0-9]\/.test(t.secret)){for(var s,r,n,a=l.querySelectorAll('iframe[data-secret=\"'+t.secret+'\"]'),o=l.querySelectorAll('blockquote[data-secret=\"'+t.secret+'\"]'),c=new RegExp(\"^https?:$\",\"i\"),i=0;i<o.length;i++)o[i].style.display=\"none\";for(i=0;i<a.length;i++)s=a[i],e.source===s.contentWindow&&(s.removeAttribute(\"style\"),\"height\"===t.message?(1e3<(r=parseInt(t.value,10))?r=1e3:~~r<200&&(r=200),s.height=r):\"link\"===t.message&&(r=new URL(s.getAttribute(\"src\")),n=new URL(t.value),c.test(n.protocol))&&n.host===r.host&&l.activeElement===s&&(d.top.location.href=t.value))}},d.addEventListener(\"message\",d.wp.receiveEmbedMessage,!1),l.addEventListener(\"DOMContentLoaded\",function(){for(var e,t,s=l.querySelectorAll(\"iframe.wp-embedded-content\"),r=0;r<s.length;r++)(t=(e=s[r]).getAttribute(\"data-secret\"))||(t=Math.random().toString(36).substring(2,12),e.src+=\"#?secret=\"+t,e.setAttribute(\"data-secret\",t)),e.contentWindow.postMessage({message:\"ready\",secret:t},\"*\")},!1)))}(window,document);\n\/\/# sourceURL=https:\/\/galerieannebarrault.com\/wp-includes\/js\/wp-embed.min.js\n\/* ]]> *\/\n<\/script>\n","thumbnail_url":"https:\/\/galerieannebarrault.com\/wp-content\/uploads\/2018\/10\/jochen-gerner-usa.jpg","thumbnail_width":750,"thumbnail_height":621,"description":"Les hasards du calendrier font que Jochen Gerner se retrouve \u00e0 exposer \u00e0 Paris en m\u00eame temps que Roy Lichtenstein. Ce dernier a utilis\u00e9 jusqu\u2019\u00e0 la corde la trame et les\u00a0Comics\u00a0pour en faire principalement des tableaux, pour acc\u00e9der donc \u00e0 la \u00ab\u00a0grande peinture\u00a0\u00bb. Il fait partie de ces artistes logotypiques qu\u2019on reconna\u00eet au premier coup d\u2019\u0153il. Tout \u00e7a pour dire&hellip;Continue reading"}

Cédric

Les hasards du calendrier font que Jochen Gerner se retrouve à exposer à Paris en même temps que Roy Lichtenstein. Ce dernier a utilisé jusqu’à la corde la trame et les Comics pour en faire principalement des tableaux, pour accéder donc à la « grande peinture ». Il fait partie de ces artistes logotypiques qu’on reconnaît au premier coup d’œil. Tout ça pour dire&hellip;Continue reading
