{"version":"1.0","provider_name":"galerie anne barrault","provider_url":"https:\/\/galerieannebarrault.com\/en\/","author_name":"C\u00e9dric","author_url":"https:\/\/galerieannebarrault.com\/en\/author\/cedric\/","title":"Tere Recarens - Le Fleuve suit son cours &#8211; galerie anne barrault","type":"rich","width":600,"height":338,"html":"<blockquote class=\"wp-embedded-content\" data-secret=\"lDftd59BMk\"><a href=\"https:\/\/galerieannebarrault.com\/en\/exposition\/tere-recarens-le-fleuve-suit-son-cours\/\">Tere Recarens &#8211; Le Fleuve suit son cours<\/a><\/blockquote><iframe sandbox=\"allow-scripts\" security=\"restricted\" src=\"https:\/\/galerieannebarrault.com\/en\/exposition\/tere-recarens-le-fleuve-suit-son-cours\/embed\/#?secret=lDftd59BMk\" width=\"600\" height=\"338\" title=\"&#8220;Tere Recarens &#8211; Le Fleuve suit son cours&#8221; &#8212; galerie anne barrault\" data-secret=\"lDftd59BMk\" frameborder=\"0\" marginwidth=\"0\" marginheight=\"0\" scrolling=\"no\" class=\"wp-embedded-content\"><\/iframe><script type=\"text\/javascript\">\n\/* <![CDATA[ *\/\n\/*! This file is auto-generated *\/\n!function(d,l){\"use strict\";l.querySelector&&d.addEventListener&&\"undefined\"!=typeof URL&&(d.wp=d.wp||{},d.wp.receiveEmbedMessage||(d.wp.receiveEmbedMessage=function(e){var t=e.data;if((t||t.secret||t.message||t.value)&&!\/[^a-zA-Z0-9]\/.test(t.secret)){for(var s,r,n,a=l.querySelectorAll('iframe[data-secret=\"'+t.secret+'\"]'),o=l.querySelectorAll('blockquote[data-secret=\"'+t.secret+'\"]'),c=new RegExp(\"^https?:$\",\"i\"),i=0;i<o.length;i++)o[i].style.display=\"none\";for(i=0;i<a.length;i++)s=a[i],e.source===s.contentWindow&&(s.removeAttribute(\"style\"),\"height\"===t.message?(1e3<(r=parseInt(t.value,10))?r=1e3:~~r<200&&(r=200),s.height=r):\"link\"===t.message&&(r=new URL(s.getAttribute(\"src\")),n=new URL(t.value),c.test(n.protocol))&&n.host===r.host&&l.activeElement===s&&(d.top.location.href=t.value))}},d.addEventListener(\"message\",d.wp.receiveEmbedMessage,!1),l.addEventListener(\"DOMContentLoaded\",function(){for(var e,t,s=l.querySelectorAll(\"iframe.wp-embedded-content\"),r=0;r<s.length;r++)(t=(e=s[r]).getAttribute(\"data-secret\"))||(t=Math.random().toString(36).substring(2,12),e.src+=\"#?secret=\"+t,e.setAttribute(\"data-secret\",t)),e.contentWindow.postMessage({message:\"ready\",secret:t},\"*\")},!1)))}(window,document);\n\/\/# sourceURL=https:\/\/galerieannebarrault.com\/wp-includes\/js\/wp-embed.min.js\n\/* ]]> *\/\n<\/script>\n","thumbnail_url":"https:\/\/galerieannebarrault.com\/wp-content\/uploads\/2018\/11\/tere-recarens-bougie.jpg","thumbnail_width":400,"thumbnail_height":645,"description":"entretien r\u00e9alis\u00e9 par Fr\u00e9d\u00e9ric Oyhar\u00e7abal Au retour de ton second s\u00e9jour dans le Dersim (Turquie), tu m\u2019as envoy\u00e9 une photo o\u00f9 l\u2019on voit un homme qui grimpe une colline en courant. Une de tes premi\u00e8res \u0153uvres est la peinture d\u2019une \u00ab\u00a0fille qui court ou rien\u00a0\u00bb \u2013\u00a0Chica que corre a la nada. En 1996, tu as plac\u00e9 ton appareil photo dans&hellip;Continue reading"}

Cédric

entretien réalisé par Frédéric Oyharçabal Au retour de ton second séjour dans le Dersim (Turquie), tu m’as envoyé une photo où l’on voit un homme qui grimpe une colline en courant. Une de tes premières œuvres est la peinture d’une « fille qui court ou rien » – Chica que corre a la nada. En 1996, tu as placé ton appareil photo dans&hellip;Continue reading
